{"id":24,"date":"2024-04-07T19:07:12","date_gmt":"2024-04-07T19:07:12","guid":{"rendered":"http:\/\/andrzejniedoba.art\/?page_id=24"},"modified":"2024-04-07T19:12:37","modified_gmt":"2024-04-07T19:12:37","slug":"wystawy-i-wyroznienia","status":"publish","type":"page","link":"https:\/\/andrzejniedoba.art\/index.php\/wystawy-i-wyroznienia\/","title":{"rendered":"Wystawy i wyr\u00f3\u017cnienia"},"content":{"rendered":"\n<p><strong>Wystawy indywidualne<\/strong>:<\/p>\n\n\n\n<p>1987 \u2013 Cieszy\u0144ski O\u015brodek Kultury Dom Narodowy<\/p>\n\n\n\n<p>1989 \u2013 Galeria Forum w \u015ar\u00f3dmiejskim O\u015brodku Kultury w Krakowie<\/p>\n\n\n\n<p>1990 \u2013 Pa\u0142ac pod Baranami w Krakowie<\/p>\n\n\n\n<p>1991 \u2013 Galeria Plastyka w Krakowie<\/p>\n\n\n\n<p>1991 \u2013 Biuro Wystaw Artystycznych w Rzeszowie<\/p>\n\n\n\n<p>1993 \u2013 Mi\u0119dzynarodowe Centrum Kultury w Krakowie<\/p>\n\n\n\n<p>1994 \u2013 Rathausgalerie Vellmar w Niemczech<\/p>\n\n\n\n<p>1995 \u2013 Galeria z R\u0105czk\u0105 w Krakowie (wsp\u00f3lnie z Ew\u0105 Ma\u0144kowsk\u0105 i Stanis\u0142awem Tabiszem)<\/p>\n\n\n\n<p>2000 \u2013 Galeria Krypta u Pijar\u00f3w w Krakowie (wsp\u00f3lnie ze Zbigniewem Cebul\u0105)<\/p>\n\n\n\n<p>2001 \u2013 Galeria Pro Arte w O\u015bwi\u0119cimiu<\/p>\n\n\n\n<p>2006 \u2013 Galeria Prymat Zwi\u0105zku Polskich Artyst\u00f3w Plastyk\u00f3w w Krakowie \u2013 \u201eZajezdnia w mie\u015bcie K.\u201d (wsp\u00f3lnie z Grzegorzem Bednarskim, Mariuszem Drohomireckim, Zbigniewem Cebul\u0105)<\/p>\n\n\n\n<p>2010 \u2013 Muzeum Ustro\u0144skie im. Jana Jarockiego \u2013 \u201ePolski Don Kichot w podr\u00f3\u017cy\u201d<\/p>\n\n\n\n<p>2011 \u2013 Galeria Sztuki Wsp\u00f3\u0142czesnej Biuro Wystaw Artystycznych w Olkuszu \u2013 \u201ePodr\u00f3\u017ce bliskie i dalekie. Malarstwo i rze\u017aba\u201d<\/p>\n\n\n\n<p>2012 \u2013 Wojew\u00f3dzka Biblioteka Publiczna w Krakowie \u2013 \u201eKartki z podr\u00f3\u017cy\u201d<\/p>\n\n\n\n<p>2016 \u2013 Galeria Atelier w dawnej synagodze Wolfa Poppera w Krakowie \u2013 \u201eAbstrakcje\u201d<\/p>\n\n\n\n<p>2018 \u2013 Galeria Sztuki Regionalnego O\u015brodka Kultury w Bielsku-Bia\u0142ej \u2013 \u201eW stron\u0119 Ojca \u2026\u201d<\/p>\n\n\n\n<p>Ponadto bra\u0142 udzia\u0142 w niemal 80 wystawach zbiorowych w kraju i zagranic\u0105, m. in. w Krakowie, Rzeszowie, Warszawie, Szczecinie, Wroc\u0142awiu, Bielsku-Bia\u0142ej, Ostrowcu \u015awi\u0119tokrzyskim, Jeleniej G\u00f3rze, Pradze, Bielefeldzie, Pary\u017cu. Prace artysty znajduj\u0105 si\u0119 w zbiorach Muzeum Narodowego w Krakowie, Galerii Sztuki Wsp\u00f3\u0142czesnej BWA w Olkuszu oraz w zbiorach prywatnych w kraju i za granic\u0105.<\/p>\n\n\n\n<p><strong>Wystawy inne<\/strong>:<\/p>\n\n\n\n<p>2021 \u2013 ARKA NADZIEI ARTYST\u00d3W, Art Meeting Tomaszowice 2021 Wystawa towarzyszy jubileuszowi 110-lecia ZPAP<\/p>\n\n\n\n<p>2022 \u2013 STANIS\u0141AWOWI TABISZOWI przyjaciele, Galeria Atelier II, Krak\u00f3w<\/p>\n\n\n\n<p><strong>Wa\u017cniejsze nagrody i wyr\u00f3\u017cnienia:<\/strong><\/p>\n\n\n\n<p>1990, Toru\u0144 \u2013 nagroda za prac\u0119 dyplomow\u0105 na wystawie najlepszych dyplom\u00f3w ASP w Polsce<\/p>\n\n\n\n<p>1990, My\u015blenice \u2013 wyr\u00f3\u017cnienie w konkursie \u201eM\u0142odzi malarze z Krakowa\u201d<\/p>\n\n\n\n<p>1998, Szczecin \u2013 nagroda fundowana na 17. Festiwalu Polskiego Malarstwa Wsp\u00f3\u0142czesnego<\/p>\n","protected":false},"excerpt":{"rendered":"<p>Wystawy indywidualne: 1987 \u2013 Cieszy\u0144ski O\u015brodek Kultury Dom Narodowy 1989 \u2013 Galeria Forum w \u015ar\u00f3dmiejskim O\u015brodku Kultury w Krakowie 1990 \u2013 Pa\u0142ac pod Baranami w Krakowie 1991 \u2013 Galeria Plastyka w Krakowie 1991 \u2013 Biuro Wystaw Artystycznych w Rzeszowie 1993 \u2013 Mi\u0119dzynarodowe Centrum Kultury w Krakowie 1994 \u2013 Rathausgalerie Vellmar w Niemczech 1995 \u2013 Galeria &hellip; <\/p>\n<p class=\"link-more\"><a href=\"https:\/\/andrzejniedoba.art\/index.php\/wystawy-i-wyroznienia\/\" class=\"more-link\">Continue reading<span class=\"screen-reader-text\"> &#8220;Wystawy i wyr\u00f3\u017cnienia&#8221;<\/span><\/a><\/p>\n","protected":false},"author":1,"featured_media":0,"parent":0,"menu_order":0,"comment_status":"closed","ping_status":"closed","template":"","meta":{"footnotes":""},"class_list":["post-24","page","type-page","status-publish","hentry"],"_links":{"self":[{"href":"https:\/\/andrzejniedoba.art\/index.php\/wp-json\/wp\/v2\/pages\/24","targetHints":{"allow":["GET"]}}],"collection":[{"href":"https:\/\/andrzejniedoba.art\/index.php\/wp-json\/wp\/v2\/pages"}],"about":[{"href":"https:\/\/andrzejniedoba.art\/index.php\/wp-json\/wp\/v2\/types\/page"}],"author":[{"embeddable":true,"href":"https:\/\/andrzejniedoba.art\/index.php\/wp-json\/wp\/v2\/users\/1"}],"replies":[{"embeddable":true,"href":"https:\/\/andrzejniedoba.art\/index.php\/wp-json\/wp\/v2\/comments?post=24"}],"version-history":[{"count":2,"href":"https:\/\/andrzejniedoba.art\/index.php\/wp-json\/wp\/v2\/pages\/24\/revisions"}],"predecessor-version":[{"id":41,"href":"https:\/\/andrzejniedoba.art\/index.php\/wp-json\/wp\/v2\/pages\/24\/revisions\/41"}],"wp:attachment":[{"href":"https:\/\/andrzejniedoba.art\/index.php\/wp-json\/wp\/v2\/media?parent=24"}],"curies":[{"name":"wp","href":"https:\/\/api.w.org\/{rel}","templated":true}]}}

Wystawy i wyróżnienia

<p><strong>Wystawy indywidualne</strong>:</p>



<p>1987 – Cieszyński Ośrodek Kultury Dom Narodowy</p>



<p>1989 – Galeria Forum w Śródmiejskim Ośrodku Kultury w Krakowie</p>



<p>1990 – Pałac pod Baranami w Krakowie</p>



<p>1991 – Galeria Plastyka w Krakowie</p>



<p>1991 – Biuro Wystaw Artystycznych w Rzeszowie</p>



<p>1993 – Międzynarodowe Centrum Kultury w Krakowie</p>



<p>1994 – Rathausgalerie Vellmar w Niemczech</p>



<p>1995 – Galeria z Rączką w Krakowie (wspólnie z Ewą Mańkowską i Stanisławem Tabiszem)</p>



<p>2000 – Galeria Krypta u Pijarów w Krakowie (wspólnie ze Zbigniewem Cebulą)</p>



<p>2001 – Galeria Pro Arte w Oświęcimiu</p>



<p>2006 – Galeria Prymat Związku Polskich Artystów Plastyków w Krakowie – „Zajezdnia w mieście K.” (wspólnie z Grzegorzem Bednarskim, Mariuszem Drohomireckim, Zbigniewem Cebulą)</p>



<p>2010 – Muzeum Ustrońskie im. Jana Jarockiego – „Polski Don Kichot w podróży”</p>



<p>2011 – Galeria Sztuki Współczesnej Biuro Wystaw Artystycznych w Olkuszu – „Podróże bliskie i dalekie. Malarstwo i rzeźba”</p>



<p>2012 – Wojewódzka Biblioteka Publiczna w Krakowie – „Kartki z podróży”</p>



<p>2016 – Galeria Atelier w dawnej synagodze Wolfa Poppera w Krakowie – „Abstrakcje”</p>



<p>2018 – Galeria Sztuki Regionalnego Ośrodka Kultury w Bielsku-Białej – „W stronę Ojca …”</p>



<p>Ponadto brał udział w niemal 80 wystawach zbiorowych w kraju i zagranicą, m. in. w Krakowie, Rzeszowie, Warszawie, Szczecinie, Wrocławiu, Bielsku-Białej, Ostrowcu Świętokrzyskim, Jeleniej Górze, Pradze, Bielefeldzie, Paryżu. Prace artysty znajdują się w zbiorach Muzeum Narodowego w Krakowie, Galerii Sztuki Współczesnej BWA w Olkuszu oraz w zbiorach prywatnych w kraju i za granicą.</p>



<p><strong>Wystawy inne</strong>:</p>



<p>2021 – ARKA NADZIEI ARTYSTÓW, Art Meeting Tomaszowice 2021 Wystawa towarzyszy jubileuszowi 110-lecia ZPAP</p>



<p>2022 – STANISŁAWOWI TABISZOWI przyjaciele, Galeria Atelier II, Kraków</p>



<p><strong>Ważniejsze nagrody i wyróżnienia:</strong></p>



<p>1990, Toruń – nagroda za pracę dyplomową na wystawie najlepszych dyplomów ASP w Polsce</p>



<p>1990, Myślenice – wyróżnienie w konkursie „Młodzi malarze z Krakowa”</p>



<p>1998, Szczecin – nagroda fundowana na 17. Festiwalu Polskiego Malarstwa Współczesnego</p>

<p>Wystawy indywidualne: 1987 – Cieszyński Ośrodek Kultury Dom Narodowy 1989 – Galeria Forum w Śródmiejskim Ośrodku Kultury w Krakowie 1990 – Pałac pod Baranami w Krakowie 1991 – Galeria Plastyka w Krakowie 1991 – Biuro Wystaw Artystycznych w Rzeszowie 1993 – Międzynarodowe Centrum Kultury w Krakowie 1994 – Rathausgalerie Vellmar w Niemczech 1995 – Galeria &hellip; </p>
<p class="link-more"><a href="https://andrzejniedoba.art/index.php/wystawy-i-wyroznienia/" class="more-link">Continue reading<span class="screen-reader-text"> &#8220;Wystawy i wyróżnienia&#8221;</span></a></p>
