{"id":161,"date":"2024-04-07T20:35:41","date_gmt":"2024-04-07T20:35:41","guid":{"rendered":"http:\/\/andrzejniedoba.art\/wp-content\/uploads\/2024\/04\/Niemiecki-kierownik-powiatowy-ds.-rolnych-na-podworku-polskiego-gospodarstwa-przytula-malego-chlopca.-olej-plotno-85x65-2.jpg"},"modified":"2024-04-07T20:43:23","modified_gmt":"2024-04-07T20:43:23","slug":"niemiecki-kierownik-powiatowy-ds-rolnych-na-podworku-polskiego-gospodarstwa-przytula-malego-chlopca-olej-plotno-85x65-2","status":"inherit","type":"attachment","link":"https:\/\/andrzejniedoba.art\/index.php\/malarstwo-olejne\/niemiecki-kierownik-powiatowy-ds-rolnych-na-podworku-polskiego-gospodarstwa-przytula-malego-chlopca-olej-plotno-85x65-2\/","title":{"rendered":"\u201eNiemiecki kierownik powiatowy ds. rolnych na podw\u00f3rku polskiego gospodarstwa przytula ma\u0142ego ch\u0142opca\u201d, olej, p\u0142\u00f3tno, wym. 85 x 65 cm"},"author":1,"featured_media":0,"comment_status":"open","ping_status":"closed","template":"","meta":[],"class_list":["post-161","attachment","type-attachment","status-inherit","hentry"],"description":{"rendered":"<p class=\"attachment\"><a href='https:\/\/andrzejniedoba.art\/wp-content\/uploads\/2024\/04\/Niemiecki-kierownik-powiatowy-ds.-rolnych-na-podworku-polskiego-gospodarstwa-przytula-malego-chlopca.-olej-plotno-85x65-2.jpg'><img loading=\"lazy\" decoding=\"async\" width=\"228\" height=\"300\" src=\"https:\/\/andrzejniedoba.art\/wp-content\/uploads\/2024\/04\/Niemiecki-kierownik-powiatowy-ds.-rolnych-na-podworku-polskiego-gospodarstwa-przytula-malego-chlopca.-olej-plotno-85x65-2-228x300.jpg\" class=\"attachment-medium size-medium\" alt=\"\" srcset=\"https:\/\/andrzejniedoba.art\/wp-content\/uploads\/2024\/04\/Niemiecki-kierownik-powiatowy-ds.-rolnych-na-podworku-polskiego-gospodarstwa-przytula-malego-chlopca.-olej-plotno-85x65-2-228x300.jpg 228w, https:\/\/andrzejniedoba.art\/wp-content\/uploads\/2024\/04\/Niemiecki-kierownik-powiatowy-ds.-rolnych-na-podworku-polskiego-gospodarstwa-przytula-malego-chlopca.-olej-plotno-85x65-2-778x1024.jpg 778w, https:\/\/andrzejniedoba.art\/wp-content\/uploads\/2024\/04\/Niemiecki-kierownik-powiatowy-ds.-rolnych-na-podworku-polskiego-gospodarstwa-przytula-malego-chlopca.-olej-plotno-85x65-2-768x1011.jpg 768w, https:\/\/andrzejniedoba.art\/wp-content\/uploads\/2024\/04\/Niemiecki-kierownik-powiatowy-ds.-rolnych-na-podworku-polskiego-gospodarstwa-przytula-malego-chlopca.-olej-plotno-85x65-2-1166x1536.jpg 1166w, https:\/\/andrzejniedoba.art\/wp-content\/uploads\/2024\/04\/Niemiecki-kierownik-powiatowy-ds.-rolnych-na-podworku-polskiego-gospodarstwa-przytula-malego-chlopca.-olej-plotno-85x65-2.jpg 1215w\" sizes=\"auto, 100vw\" \/><\/a><\/p>\n"},"caption":{"rendered":""},"alt_text":"","media_type":"image","mime_type":"image\/jpeg","media_details":{"width":1215,"height":1600,"file":"2024\/04\/Niemiecki-kierownik-powiatowy-ds.-rolnych-na-podworku-polskiego-gospodarstwa-przytula-malego-chlopca.-olej-plotno-85x65-2.jpg","filesize":420327,"sizes":{"medium":{"file":"Niemiecki-kierownik-powiatowy-ds.-rolnych-na-podworku-polskiego-gospodarstwa-przytula-malego-chlopca.-olej-plotno-85x65-2-228x300.jpg","width":228,"height":300,"filesize":16958,"mime_type":"image\/jpeg","source_url":"https:\/\/andrzejniedoba.art\/wp-content\/uploads\/2024\/04\/Niemiecki-kierownik-powiatowy-ds.-rolnych-na-podworku-polskiego-gospodarstwa-przytula-malego-chlopca.-olej-plotno-85x65-2-228x300.jpg"},"large":{"file":"Niemiecki-kierownik-powiatowy-ds.-rolnych-na-podworku-polskiego-gospodarstwa-przytula-malego-chlopca.-olej-plotno-85x65-2-778x1024.jpg","width":778,"height":1024,"filesize":153909,"mime_type":"image\/jpeg","source_url":"https:\/\/andrzejniedoba.art\/wp-content\/uploads\/2024\/04\/Niemiecki-kierownik-powiatowy-ds.-rolnych-na-podworku-polskiego-gospodarstwa-przytula-malego-chlopca.-olej-plotno-85x65-2-778x1024.jpg"},"thumbnail":{"file":"Niemiecki-kierownik-powiatowy-ds.-rolnych-na-podworku-polskiego-gospodarstwa-przytula-malego-chlopca.-olej-plotno-85x65-2-150x150.jpg","width":150,"height":150,"filesize":6655,"mime_type":"image\/jpeg","source_url":"https:\/\/andrzejniedoba.art\/wp-content\/uploads\/2024\/04\/Niemiecki-kierownik-powiatowy-ds.-rolnych-na-podworku-polskiego-gospodarstwa-przytula-malego-chlopca.-olej-plotno-85x65-2-150x150.jpg"},"medium_large":{"file":"Niemiecki-kierownik-powiatowy-ds.-rolnych-na-podworku-polskiego-gospodarstwa-przytula-malego-chlopca.-olej-plotno-85x65-2-768x1011.jpg","width":768,"height":1011,"filesize":150312,"mime_type":"image\/jpeg","source_url":"https:\/\/andrzejniedoba.art\/wp-content\/uploads\/2024\/04\/Niemiecki-kierownik-powiatowy-ds.-rolnych-na-podworku-polskiego-gospodarstwa-przytula-malego-chlopca.-olej-plotno-85x65-2-768x1011.jpg"},"1536x1536":{"file":"Niemiecki-kierownik-powiatowy-ds.-rolnych-na-podworku-polskiego-gospodarstwa-przytula-malego-chlopca.-olej-plotno-85x65-2-1166x1536.jpg","width":1166,"height":1536,"filesize":315190,"mime_type":"image\/jpeg","source_url":"https:\/\/andrzejniedoba.art\/wp-content\/uploads\/2024\/04\/Niemiecki-kierownik-powiatowy-ds.-rolnych-na-podworku-polskiego-gospodarstwa-przytula-malego-chlopca.-olej-plotno-85x65-2-1166x1536.jpg"},"twentyseventeen-featured-image":{"file":"Niemiecki-kierownik-powiatowy-ds.-rolnych-na-podworku-polskiego-gospodarstwa-przytula-malego-chlopca.-olej-plotno-85x65-2-1215x1200.jpg","width":1215,"height":1200,"filesize":286421,"mime_type":"image\/jpeg","source_url":"https:\/\/andrzejniedoba.art\/wp-content\/uploads\/2024\/04\/Niemiecki-kierownik-powiatowy-ds.-rolnych-na-podworku-polskiego-gospodarstwa-przytula-malego-chlopca.-olej-plotno-85x65-2-1215x1200.jpg"},"twentyseventeen-thumbnail-avatar":{"file":"Niemiecki-kierownik-powiatowy-ds.-rolnych-na-podworku-polskiego-gospodarstwa-przytula-malego-chlopca.-olej-plotno-85x65-2-100x100.jpg","width":100,"height":100,"filesize":3525,"mime_type":"image\/jpeg","source_url":"https:\/\/andrzejniedoba.art\/wp-content\/uploads\/2024\/04\/Niemiecki-kierownik-powiatowy-ds.-rolnych-na-podworku-polskiego-gospodarstwa-przytula-malego-chlopca.-olej-plotno-85x65-2-100x100.jpg"},"full":{"file":"Niemiecki-kierownik-powiatowy-ds.-rolnych-na-podworku-polskiego-gospodarstwa-przytula-malego-chlopca.-olej-plotno-85x65-2.jpg","width":1215,"height":1600,"mime_type":"image\/jpeg","source_url":"https:\/\/andrzejniedoba.art\/wp-content\/uploads\/2024\/04\/Niemiecki-kierownik-powiatowy-ds.-rolnych-na-podworku-polskiego-gospodarstwa-przytula-malego-chlopca.-olej-plotno-85x65-2.jpg"}},"image_meta":{"aperture":"0","credit":"","camera":"","caption":"","created_timestamp":"0","copyright":"","focal_length":"0","iso":"0","shutter_speed":"0","title":"","orientation":"0","keywords":[]}},"post":19,"source_url":"https:\/\/andrzejniedoba.art\/wp-content\/uploads\/2024\/04\/Niemiecki-kierownik-powiatowy-ds.-rolnych-na-podworku-polskiego-gospodarstwa-przytula-malego-chlopca.-olej-plotno-85x65-2.jpg","_links":{"self":[{"href":"https:\/\/andrzejniedoba.art\/index.php\/wp-json\/wp\/v2\/media\/161","targetHints":{"allow":["GET"]}}],"collection":[{"href":"https:\/\/andrzejniedoba.art\/index.php\/wp-json\/wp\/v2\/media"}],"about":[{"href":"https:\/\/andrzejniedoba.art\/index.php\/wp-json\/wp\/v2\/types\/attachment"}],"author":[{"embeddable":true,"href":"https:\/\/andrzejniedoba.art\/index.php\/wp-json\/wp\/v2\/users\/1"}],"replies":[{"embeddable":true,"href":"https:\/\/andrzejniedoba.art\/index.php\/wp-json\/wp\/v2\/comments?post=161"}],"wp:attached-to":[{"embeddable":true,"post_type":"page","id":19,"href":"https:\/\/andrzejniedoba.art\/index.php\/wp-json\/wp\/v2\/pages\/19"}],"curies":[{"name":"wp","href":"https:\/\/api.w.org\/{rel}","templated":true}]}}

„Niemiecki kierownik powiatowy ds. rolnych na podwórku polskiego gospodarstwa przytula małego chłopca”, olej, płótno, wym. 85 x 65 cm
